{"id":2012,"date":"2017-08-04T16:02:20","date_gmt":"2017-08-04T14:02:20","guid":{"rendered":"http:\/\/reiseblock.ch\/?page_id=2012"},"modified":"2022-01-18T19:02:59","modified_gmt":"2022-01-18T18:02:59","slug":"literarisches-reisefieber","status":"publish","type":"page","link":"https:\/\/reiseblock.ch\/wordpress\/literarisches-reisefieber\/","title":{"rendered":"Literarisches Reisefieber"},"content":{"rendered":"<p><span style=\"font-size: 10pt; font-family: Verdana,Geneva;\"><img loading=\"lazy\" decoding=\"async\" class=\"alignleft size-full wp-image-2020\" src=\"http:\/\/reiseblock.ch\/wordpress\/wp-content\/uploads\/2017\/08\/Cover_klein.jpg\" alt=\"\" width=\"273\" height=\"415\" srcset=\"https:\/\/reiseblock.ch\/wordpress\/wp-content\/uploads\/2017\/08\/Cover_klein.jpg 273w, https:\/\/reiseblock.ch\/wordpress\/wp-content\/uploads\/2017\/08\/Cover_klein-197x300.jpg 197w\" sizes=\"auto, (max-width: 273px) 100vw, 273px\" \/>Im Juni 2017 ist \u00abLiterarisches Reisefieber\u00bb im AS Verlag erschienen. Das Reisebuch begibt sich auf die Spuren von 20 Schweizer Schriftstellerinnen und Schriftstellern, kreuz und quer durchs Land. Die Pers\u00f6nlichkeiten werden mit einer kurzen Biografie und einem konkreten Buch aus ihrem Werk vorgestellt. Die ausgew\u00e4hlten Tagestouren sind von Lebensweg und Wirkungsort der Literaten inspiriert.<\/span><\/p>\n<p><span style=\"font-size: 10pt; font-family: Verdana,Geneva;\">Spuren hinterlegen Henri-Fr\u00e9d\u00e9ric Amiel, Ulrich Br\u00e4ker, Hermann Burger, Friedrich D\u00fcrrenmatt, J\u00fcrg Federspiel, Max Frisch, Friedrich Glauser, Jeremias Gotthelf, Hermann Hesse, Iris von Roten, Annemarie Schwarzenbach, Silja Walter, Silvia Andrea, Johanna Spyri, Anne Cuneo, Meret Oppenheim, Lisa Wenger, Laure Wyss, Otto Frei und Hans Roelli.<\/span><\/p>\n<p><span style=\"font-family: Verdana,Geneva; font-size: 10pt;\">\u00abLiterarisches Reisefieber\u00bb ist im Buchhandel oder direkt beim <a href=\"https:\/\/asverlag.lesestoff.ch\/de\/detail\/ISBN-9783906055633\/Kohler-Ursula\/Literarisches-Reisefieber\" target=\"_blank\" rel=\"noopener\">AS Verlag<\/a> erh\u00e4ltlich.<\/span><\/p>\n<p><span style=\"font-family: Verdana,Geneva; font-size: 10pt;\"><a href=\"http:\/\/literarischesreisefieber.ch\" target=\"_blank\" rel=\"noopener\">Zur Website<\/a><\/span><\/p>\n","protected":false},"excerpt":{"rendered":"<p>Im Juni 2017 ist \u00abLiterarisches Reisefieber\u00bb im AS Verlag erschienen. Das Reisebuch begibt sich auf die Spuren von 20 Schweizer Schriftstellerinnen und Schriftstellern, kreuz und [&#8230;]<\/p>\n","protected":false},"author":1,"featured_media":0,"parent":0,"menu_order":0,"comment_status":"closed","ping_status":"closed","template":"","meta":{"footnotes":""},"class_list":["post-2012","page","type-page","status-publish","hentry"],"yoast_head":"<!-- This site is optimized with the Yoast SEO plugin v27.8 - https:\/\/yoast.com\/product\/yoast-seo-wordpress\/ -->\n<title>Literarisches Reisefieber &#8211; Reiseblock<\/title>\n<meta name=\"robots\" content=\"index, follow, max-snippet:-1, max-image-preview:large, max-video-preview:-1\" \/>\n<link rel=\"canonical\" href=\"https:\/\/reiseblock.ch\/wordpress\/literarisches-reisefieber\/\" \/>\n<meta property=\"og:locale\" content=\"de_DE\" \/>\n<meta property=\"og:type\" content=\"article\" \/>\n<meta property=\"og:title\" content=\"Literarisches Reisefieber &#8211; Reiseblock\" \/>\n<meta property=\"og:description\" content=\"Im Juni 2017 ist \u00abLiterarisches Reisefieber\u00bb im AS Verlag erschienen. Das Reisebuch begibt sich auf die Spuren von 20 Schweizer Schriftstellerinnen und Schriftstellern, kreuz und [...]\" \/>\n<meta property=\"og:url\" content=\"https:\/\/reiseblock.ch\/wordpress\/literarisches-reisefieber\/\" \/>\n<meta property=\"og:site_name\" content=\"Reiseblock\" \/>\n<meta property=\"article:modified_time\" content=\"2022-01-18T18:02:59+00:00\" \/>\n<meta property=\"og:image\" content=\"http:\/\/reiseblock.ch\/wordpress\/wp-content\/uploads\/2017\/08\/Cover_klein.jpg\" \/>\n<meta name=\"twitter:label1\" content=\"Gesch\u00e4tzte Lesezeit\" \/>\n\t<meta name=\"twitter:data1\" content=\"1\u00a0Minute\" \/>\n<script type=\"application\/ld+json\" class=\"yoast-schema-graph\">{\"@context\":\"https:\\\/\\\/schema.org\",\"@graph\":[{\"@type\":\"WebPage\",\"@id\":\"https:\\\/\\\/reiseblock.ch\\\/wordpress\\\/literarisches-reisefieber\\\/\",\"url\":\"https:\\\/\\\/reiseblock.ch\\\/wordpress\\\/literarisches-reisefieber\\\/\",\"name\":\"Literarisches Reisefieber &#8211; Reiseblock\",\"isPartOf\":{\"@id\":\"https:\\\/\\\/reiseblock.ch\\\/wordpress\\\/#website\"},\"primaryImageOfPage\":{\"@id\":\"https:\\\/\\\/reiseblock.ch\\\/wordpress\\\/literarisches-reisefieber\\\/#primaryimage\"},\"image\":{\"@id\":\"https:\\\/\\\/reiseblock.ch\\\/wordpress\\\/literarisches-reisefieber\\\/#primaryimage\"},\"thumbnailUrl\":\"http:\\\/\\\/reiseblock.ch\\\/wordpress\\\/wp-content\\\/uploads\\\/2017\\\/08\\\/Cover_klein.jpg\",\"datePublished\":\"2017-08-04T14:02:20+00:00\",\"dateModified\":\"2022-01-18T18:02:59+00:00\",\"breadcrumb\":{\"@id\":\"https:\\\/\\\/reiseblock.ch\\\/wordpress\\\/literarisches-reisefieber\\\/#breadcrumb\"},\"inLanguage\":\"de\",\"potentialAction\":[{\"@type\":\"ReadAction\",\"target\":[\"https:\\\/\\\/reiseblock.ch\\\/wordpress\\\/literarisches-reisefieber\\\/\"]}]},{\"@type\":\"ImageObject\",\"inLanguage\":\"de\",\"@id\":\"https:\\\/\\\/reiseblock.ch\\\/wordpress\\\/literarisches-reisefieber\\\/#primaryimage\",\"url\":\"http:\\\/\\\/reiseblock.ch\\\/wordpress\\\/wp-content\\\/uploads\\\/2017\\\/08\\\/Cover_klein.jpg\",\"contentUrl\":\"http:\\\/\\\/reiseblock.ch\\\/wordpress\\\/wp-content\\\/uploads\\\/2017\\\/08\\\/Cover_klein.jpg\"},{\"@type\":\"BreadcrumbList\",\"@id\":\"https:\\\/\\\/reiseblock.ch\\\/wordpress\\\/literarisches-reisefieber\\\/#breadcrumb\",\"itemListElement\":[{\"@type\":\"ListItem\",\"position\":1,\"name\":\"Home\",\"item\":\"https:\\\/\\\/reiseblock.ch\\\/wordpress\\\/\"},{\"@type\":\"ListItem\",\"position\":2,\"name\":\"Literarisches Reisefieber\"}]},{\"@type\":\"WebSite\",\"@id\":\"https:\\\/\\\/reiseblock.ch\\\/wordpress\\\/#website\",\"url\":\"https:\\\/\\\/reiseblock.ch\\\/wordpress\\\/\",\"name\":\"Reiseblock\",\"description\":\"Ursula Kohlers ReiseWeise\",\"publisher\":{\"@id\":\"https:\\\/\\\/reiseblock.ch\\\/wordpress\\\/#\\\/schema\\\/person\\\/eafba14374f16d5fa4f73efd49243014\"},\"potentialAction\":[{\"@type\":\"SearchAction\",\"target\":{\"@type\":\"EntryPoint\",\"urlTemplate\":\"https:\\\/\\\/reiseblock.ch\\\/wordpress\\\/?s={search_term_string}\"},\"query-input\":{\"@type\":\"PropertyValueSpecification\",\"valueRequired\":true,\"valueName\":\"search_term_string\"}}],\"inLanguage\":\"de\"},{\"@type\":[\"Person\",\"Organization\"],\"@id\":\"https:\\\/\\\/reiseblock.ch\\\/wordpress\\\/#\\\/schema\\\/person\\\/eafba14374f16d5fa4f73efd49243014\",\"name\":\"Ursula Kohler\",\"image\":{\"@type\":\"ImageObject\",\"inLanguage\":\"de\",\"@id\":\"https:\\\/\\\/secure.gravatar.com\\\/avatar\\\/014d9b9a971f617638f4298cbb55f92d20b3bf0d1c9cc32f65333b2769bcf867?s=96&d=blank&r=g\",\"url\":\"https:\\\/\\\/secure.gravatar.com\\\/avatar\\\/014d9b9a971f617638f4298cbb55f92d20b3bf0d1c9cc32f65333b2769bcf867?s=96&d=blank&r=g\",\"contentUrl\":\"https:\\\/\\\/secure.gravatar.com\\\/avatar\\\/014d9b9a971f617638f4298cbb55f92d20b3bf0d1c9cc32f65333b2769bcf867?s=96&d=blank&r=g\",\"caption\":\"Ursula Kohler\"},\"logo\":{\"@id\":\"https:\\\/\\\/secure.gravatar.com\\\/avatar\\\/014d9b9a971f617638f4298cbb55f92d20b3bf0d1c9cc32f65333b2769bcf867?s=96&d=blank&r=g\"}}]}<\/script>\n<!-- \/ Yoast SEO plugin. -->","yoast_head_json":{"title":"Literarisches Reisefieber &#8211; Reiseblock","robots":{"index":"index","follow":"follow","max-snippet":"max-snippet:-1","max-image-preview":"max-image-preview:large","max-video-preview":"max-video-preview:-1"},"canonical":"https:\/\/reiseblock.ch\/wordpress\/literarisches-reisefieber\/","og_locale":"de_DE","og_type":"article","og_title":"Literarisches Reisefieber &#8211; Reiseblock","og_description":"Im Juni 2017 ist \u00abLiterarisches Reisefieber\u00bb im AS Verlag erschienen. Das Reisebuch begibt sich auf die Spuren von 20 Schweizer Schriftstellerinnen und Schriftstellern, kreuz und [...]","og_url":"https:\/\/reiseblock.ch\/wordpress\/literarisches-reisefieber\/","og_site_name":"Reiseblock","article_modified_time":"2022-01-18T18:02:59+00:00","og_image":[{"url":"http:\/\/reiseblock.ch\/wordpress\/wp-content\/uploads\/2017\/08\/Cover_klein.jpg","type":"","width":"","height":""}],"twitter_misc":{"Gesch\u00e4tzte Lesezeit":"1\u00a0Minute"},"schema":{"@context":"https:\/\/schema.org","@graph":[{"@type":"WebPage","@id":"https:\/\/reiseblock.ch\/wordpress\/literarisches-reisefieber\/","url":"https:\/\/reiseblock.ch\/wordpress\/literarisches-reisefieber\/","name":"Literarisches Reisefieber &#8211; Reiseblock","isPartOf":{"@id":"https:\/\/reiseblock.ch\/wordpress\/#website"},"primaryImageOfPage":{"@id":"https:\/\/reiseblock.ch\/wordpress\/literarisches-reisefieber\/#primaryimage"},"image":{"@id":"https:\/\/reiseblock.ch\/wordpress\/literarisches-reisefieber\/#primaryimage"},"thumbnailUrl":"http:\/\/reiseblock.ch\/wordpress\/wp-content\/uploads\/2017\/08\/Cover_klein.jpg","datePublished":"2017-08-04T14:02:20+00:00","dateModified":"2022-01-18T18:02:59+00:00","breadcrumb":{"@id":"https:\/\/reiseblock.ch\/wordpress\/literarisches-reisefieber\/#breadcrumb"},"inLanguage":"de","potentialAction":[{"@type":"ReadAction","target":["https:\/\/reiseblock.ch\/wordpress\/literarisches-reisefieber\/"]}]},{"@type":"ImageObject","inLanguage":"de","@id":"https:\/\/reiseblock.ch\/wordpress\/literarisches-reisefieber\/#primaryimage","url":"http:\/\/reiseblock.ch\/wordpress\/wp-content\/uploads\/2017\/08\/Cover_klein.jpg","contentUrl":"http:\/\/reiseblock.ch\/wordpress\/wp-content\/uploads\/2017\/08\/Cover_klein.jpg"},{"@type":"BreadcrumbList","@id":"https:\/\/reiseblock.ch\/wordpress\/literarisches-reisefieber\/#breadcrumb","itemListElement":[{"@type":"ListItem","position":1,"name":"Home","item":"https:\/\/reiseblock.ch\/wordpress\/"},{"@type":"ListItem","position":2,"name":"Literarisches Reisefieber"}]},{"@type":"WebSite","@id":"https:\/\/reiseblock.ch\/wordpress\/#website","url":"https:\/\/reiseblock.ch\/wordpress\/","name":"Reiseblock","description":"Ursula Kohlers ReiseWeise","publisher":{"@id":"https:\/\/reiseblock.ch\/wordpress\/#\/schema\/person\/eafba14374f16d5fa4f73efd49243014"},"potentialAction":[{"@type":"SearchAction","target":{"@type":"EntryPoint","urlTemplate":"https:\/\/reiseblock.ch\/wordpress\/?s={search_term_string}"},"query-input":{"@type":"PropertyValueSpecification","valueRequired":true,"valueName":"search_term_string"}}],"inLanguage":"de"},{"@type":["Person","Organization"],"@id":"https:\/\/reiseblock.ch\/wordpress\/#\/schema\/person\/eafba14374f16d5fa4f73efd49243014","name":"Ursula Kohler","image":{"@type":"ImageObject","inLanguage":"de","@id":"https:\/\/secure.gravatar.com\/avatar\/014d9b9a971f617638f4298cbb55f92d20b3bf0d1c9cc32f65333b2769bcf867?s=96&d=blank&r=g","url":"https:\/\/secure.gravatar.com\/avatar\/014d9b9a971f617638f4298cbb55f92d20b3bf0d1c9cc32f65333b2769bcf867?s=96&d=blank&r=g","contentUrl":"https:\/\/secure.gravatar.com\/avatar\/014d9b9a971f617638f4298cbb55f92d20b3bf0d1c9cc32f65333b2769bcf867?s=96&d=blank&r=g","caption":"Ursula Kohler"},"logo":{"@id":"https:\/\/secure.gravatar.com\/avatar\/014d9b9a971f617638f4298cbb55f92d20b3bf0d1c9cc32f65333b2769bcf867?s=96&d=blank&r=g"}}]}},"_links":{"self":[{"href":"https:\/\/reiseblock.ch\/wordpress\/wp-json\/wp\/v2\/pages\/2012","targetHints":{"allow":["GET"]}}],"collection":[{"href":"https:\/\/reiseblock.ch\/wordpress\/wp-json\/wp\/v2\/pages"}],"about":[{"href":"https:\/\/reiseblock.ch\/wordpress\/wp-json\/wp\/v2\/types\/page"}],"author":[{"embeddable":true,"href":"https:\/\/reiseblock.ch\/wordpress\/wp-json\/wp\/v2\/users\/1"}],"replies":[{"embeddable":true,"href":"https:\/\/reiseblock.ch\/wordpress\/wp-json\/wp\/v2\/comments?post=2012"}],"version-history":[{"count":14,"href":"https:\/\/reiseblock.ch\/wordpress\/wp-json\/wp\/v2\/pages\/2012\/revisions"}],"predecessor-version":[{"id":3557,"href":"https:\/\/reiseblock.ch\/wordpress\/wp-json\/wp\/v2\/pages\/2012\/revisions\/3557"}],"wp:attachment":[{"href":"https:\/\/reiseblock.ch\/wordpress\/wp-json\/wp\/v2\/media?parent=2012"}],"curies":[{"name":"wp","href":"https:\/\/api.w.org\/{rel}","templated":true}]}}

<p><span style="font-size: 10pt; font-family: Verdana,Geneva;"><img loading="lazy" decoding="async" class="alignleft size-full wp-image-2020" src="http://reiseblock.ch/wordpress/wp-content/uploads/2017/08/Cover_klein.jpg" alt="" width="273" height="415" srcset="https://reiseblock.ch/wordpress/wp-content/uploads/2017/08/Cover_klein.jpg 273w, https://reiseblock.ch/wordpress/wp-content/uploads/2017/08/Cover_klein-197x300.jpg 197w" sizes="auto, (max-width: 273px) 100vw, 273px" />Im Juni 2017 ist «Literarisches Reisefieber» im AS Verlag erschienen. Das Reisebuch begibt sich auf die Spuren von 20 Schweizer Schriftstellerinnen und Schriftstellern, kreuz und quer durchs Land. Die Persönlichkeiten werden mit einer kurzen Biografie und einem konkreten Buch aus ihrem Werk vorgestellt. Die ausgewählten Tagestouren sind von Lebensweg und Wirkungsort der Literaten inspiriert.</span></p>
<p><span style="font-size: 10pt; font-family: Verdana,Geneva;">Spuren hinterlegen Henri-Frédéric Amiel, Ulrich Bräker, Hermann Burger, Friedrich Dürrenmatt, Jürg Federspiel, Max Frisch, Friedrich Glauser, Jeremias Gotthelf, Hermann Hesse, Iris von Roten, Annemarie Schwarzenbach, Silja Walter, Silvia Andrea, Johanna Spyri, Anne Cuneo, Meret Oppenheim, Lisa Wenger, Laure Wyss, Otto Frei und Hans Roelli.</span></p>
<p><span style="font-family: Verdana,Geneva; font-size: 10pt;">«Literarisches Reisefieber» ist im Buchhandel oder direkt beim <a href="https://asverlag.lesestoff.ch/de/detail/ISBN-9783906055633/Kohler-Ursula/Literarisches-Reisefieber" target="_blank" rel="noopener">AS Verlag</a> erhältlich.</span></p>
<p><span style="font-family: Verdana,Geneva; font-size: 10pt;"><a href="http://literarischesreisefieber.ch" target="_blank" rel="noopener">Zur Website</a></span></p>

<!-- This site is optimized with the Yoast SEO plugin v27.8 - https://yoast.com/product/yoast-seo-wordpress/ -->
<title>Literarisches Reisefieber &#8211; Reiseblock</title>
<meta name="robots" content="index, follow, max-snippet:-1, max-image-preview:large, max-video-preview:-1" />
<link rel="canonical" href="https://reiseblock.ch/wordpress/literarisches-reisefieber/" />
<meta property="og:locale" content="de_DE" />
<meta property="og:type" content="article" />
<meta property="og:title" content="Literarisches Reisefieber &#8211; Reiseblock" />
<meta property="og:description" content="Im Juni 2017 ist «Literarisches Reisefieber» im AS Verlag erschienen. Das Reisebuch begibt sich auf die Spuren von 20 Schweizer Schriftstellerinnen und Schriftstellern, kreuz und [...]" />
<meta property="og:url" content="https://reiseblock.ch/wordpress/literarisches-reisefieber/" />
<meta property="og:site_name" content="Reiseblock" />
<meta property="article:modified_time" content="2022-01-18T18:02:59+00:00" />
<meta property="og:image" content="http://reiseblock.ch/wordpress/wp-content/uploads/2017/08/Cover_klein.jpg" />
<meta name="twitter:label1" content="Geschätzte Lesezeit" />
	<meta name="twitter:data1" content="1 Minute" />
<script type="application/ld+json" class="yoast-schema-graph">{"@context":"https:\/\/schema.org","@graph":[{"@type":"WebPage","@id":"https:\/\/reiseblock.ch\/wordpress\/literarisches-reisefieber\/","url":"https:\/\/reiseblock.ch\/wordpress\/literarisches-reisefieber\/","name":"Literarisches Reisefieber &#8211; Reiseblock","isPartOf":{"@id":"https:\/\/reiseblock.ch\/wordpress\/#website"},"primaryImageOfPage":{"@id":"https:\/\/reiseblock.ch\/wordpress\/literarisches-reisefieber\/#primaryimage"},"image":{"@id":"https:\/\/reiseblock.ch\/wordpress\/literarisches-reisefieber\/#primaryimage"},"thumbnailUrl":"http:\/\/reiseblock.ch\/wordpress\/wp-content\/uploads\/2017\/08\/Cover_klein.jpg","datePublished":"2017-08-04T14:02:20+00:00","dateModified":"2022-01-18T18:02:59+00:00","breadcrumb":{"@id":"https:\/\/reiseblock.ch\/wordpress\/literarisches-reisefieber\/#breadcrumb"},"inLanguage":"de","potentialAction":[{"@type":"ReadAction","target":["https:\/\/reiseblock.ch\/wordpress\/literarisches-reisefieber\/"]}]},{"@type":"ImageObject","inLanguage":"de","@id":"https:\/\/reiseblock.ch\/wordpress\/literarisches-reisefieber\/#primaryimage","url":"http:\/\/reiseblock.ch\/wordpress\/wp-content\/uploads\/2017\/08\/Cover_klein.jpg","contentUrl":"http:\/\/reiseblock.ch\/wordpress\/wp-content\/uploads\/2017\/08\/Cover_klein.jpg"},{"@type":"BreadcrumbList","@id":"https:\/\/reiseblock.ch\/wordpress\/literarisches-reisefieber\/#breadcrumb","itemListElement":[{"@type":"ListItem","position":1,"name":"Home","item":"https:\/\/reiseblock.ch\/wordpress\/"},{"@type":"ListItem","position":2,"name":"Literarisches Reisefieber"}]},{"@type":"WebSite","@id":"https:\/\/reiseblock.ch\/wordpress\/#website","url":"https:\/\/reiseblock.ch\/wordpress\/","name":"Reiseblock","description":"Ursula Kohlers ReiseWeise","publisher":{"@id":"https:\/\/reiseblock.ch\/wordpress\/#\/schema\/person\/eafba14374f16d5fa4f73efd49243014"},"potentialAction":[{"@type":"SearchAction","target":{"@type":"EntryPoint","urlTemplate":"https:\/\/reiseblock.ch\/wordpress\/?s={search_term_string}"},"query-input":{"@type":"PropertyValueSpecification","valueRequired":true,"valueName":"search_term_string"}}],"inLanguage":"de"},{"@type":["Person","Organization"],"@id":"https:\/\/reiseblock.ch\/wordpress\/#\/schema\/person\/eafba14374f16d5fa4f73efd49243014","name":"Ursula Kohler","image":{"@type":"ImageObject","inLanguage":"de","@id":"https:\/\/secure.gravatar.com\/avatar\/014d9b9a971f617638f4298cbb55f92d20b3bf0d1c9cc32f65333b2769bcf867?s=96&d=blank&r=g","url":"https:\/\/secure.gravatar.com\/avatar\/014d9b9a971f617638f4298cbb55f92d20b3bf0d1c9cc32f65333b2769bcf867?s=96&d=blank&r=g","contentUrl":"https:\/\/secure.gravatar.com\/avatar\/014d9b9a971f617638f4298cbb55f92d20b3bf0d1c9cc32f65333b2769bcf867?s=96&d=blank&r=g","caption":"Ursula Kohler"},"logo":{"@id":"https:\/\/secure.gravatar.com\/avatar\/014d9b9a971f617638f4298cbb55f92d20b3bf0d1c9cc32f65333b2769bcf867?s=96&d=blank&r=g"}}]}</script>
<!-- / Yoast SEO plugin. -->
